ose 3 = -b - 1. Let y = 3 + b. Determine a(y).
-8
Suppose h + h - 8 = 0. Let v(x) = -1 - 3 + 5*x - h - 4*x. Determine v(0).
-8
Let s(r) = r**3 - 4*r**2 - r - 2. Let l be s(5). Suppose -4*n - 2 = -l. Let m(c) = 849 - 285 - 3*c**2 - 283 - 284 - 3*c + 4*c**2. What is m(n)?
1
Let d(t) = -9*t**3 - 6*t**2 - 15*t - 17. Let o(u) = 20*u**3 + 11*u**2 + 31*u + 35. Let v(a) = 9*d(a) + 4*o(a). What is v(-9)?
5
Suppose 0 = -4*z - p + 11, -p - 30 = -5*z + p. Suppose s + 2*f - z*f + 4 = 0, 5*s + 3*f + 20 = 0. Let c(r) = -r**2 - 5*r - 5. What is c(s)?
-1
Suppose c - 5*v - 47 = -2*c, -19 = -3*c - 2*v. Let p(r) = -r**2 + 9*r - 1. Calculate p(c).
-1
Let p = -3 - -3. Suppose 0 = -p*u - 2*u - 5*j - 16, -4*j = 16. Suppose u*b + b = -3*n + 6, 2*b = 4*n + 22. Let g(s) = -s**2 - 6*s - 1. Give g(n).
8
Let s(v) = -v - 4. Let x be s(-6). Let u(n) be the second derivative of 4*n - 1/2*n**3 + 0 + 1/2*n**2. What is u(x)?
-5
Let t = 7 - 6. Let m(z) = -8*z**3 - 2*z + 5. Let h(x) = -9*x**3 - 2*x + 6. Let w(l) = -4*h(l) + 5*m(l). Give w(t).
-5
Let p(m) be the second derivative of -m**5/20 - 5*m**4/12 + 4*m**3/3 + m**2/2 + 12*m. Determine p(-6).
-11
Let y(n) = n**2 - 6*n - 8. Let b(t) = -3*t + 6. Let o be b(0). Calculate y(o).
-8
Let d(n) = n**2 + n + 1. Let j(u) = 3*u**2 + u + 3. Let v(b) = -2*d(b) + j(b). Determine v(1).
1
Let f be ((-4)/6)/(6/(-45)). Suppose l = f*l - 4. Let v(x) be the third derivative of -x**4/8 - x**3/6 + 5*x**2. What is v(l)?
-4
Let l = 1 - 2. Suppose 2*f + 12 = u, f - 6*f = 2*u + 12. Let z(a) = 1 + 2*a**2 + u*a**3 - 4*a**3 + 3*a**3 + a - 2*a**3. What is z(l)?
1
Let x(p) = -p + 3. Let n be x(3). Let v(i) = n + 1 - 2 - i. Let a be (-46)/(-8) + 1/4. Give v(a).
-7
Let z be (-6)/(((-6)/(-5))/(-3)). Let w = z - 17. Let o(y) = y**3 + 4*y**2 - 2*y - 1. Determine o(w).
11
Let h(r) = -r + 1. Let p(n) be the second derivative of n**3/3 - n**2 - 5*n. Let g(u) = -5*h(u) - 3*p(u). Calculate g(0).
1
Let o(m) = -m**3 - 1. Let l(t) = 3*t**3 - 2*t**2 - t + 6. Let p(g) = -l(g) - 6*o(g). Let w be (-18)/14 + 12/42. What is p(w)?
-2
Let i(g) = 0 - 4*g**2 + 3*g**2 - 3 + 0 + 6*g. What is i(2)?
5
Let k(m) be the first derivative of 3*m**2/2 + m - 5. Determine k(-1).
-2
Let n(p) = -p. Let u(m) = 6*m. Let k(z) = 8*n(z) + u(z). Let a(v) = v + 6. Let f be (-12)/30 + 46/(-10). Let i be a(f). What is k(i)?
-2
Let o(p) = -5 - 13 + 17 + 5*p - 2*p. Calculate o(2).
5
Let s(i) = 4*i**3 - 10*i - 6*i**2 + 3 - 5*i**3 + 4*i. Suppose -7*z = -12*z - 25. Determine s(z).
8
Let n = -8 - -6. Let r be n + 5 - 2 - -4. Let i(t) = t**2 - 3 + 0*t**2 + 9 - 6*t. Calculate i(r).
1
Let x(q) = -13*q**2 - 10*q + 4. Let l(i) be the first derivative of -4*i**3/3 - 3*i**2/2 + i + 4. Let w(j) = 7*l(j) - 2*x(j). Give w(-2).
-7
Suppose 0 = o + 4, -2*t + 0*o = -5*o - 14. Let h(y) be the second derivative of y**4/12 + y**3 + 3*y**2/2 - 72*y + 2. What is h(t)?
-6
Let t(p) be the second derivative of 7*p**4/6 + p**3/6 + p**2/2 + 11*p. Calculate t(-1).
14
Suppose 5*t + 31 = 6. Let j(s) = -2*s + 6. What is j(t)?
16
Let w(k) = k + 1. Let y(s) = -s + 4. Let o be y(-3). Suppose 0 = -o*h + 4*h + 9. Suppose -h*x - 1 = -4, -2*x = -q - 4. Determine w(q).
-1
Let s(q) = -q**3 - 3*q**2 - q - 3. Let z be s(-3). Suppose -19 = -4*i - 3. Let c(x) = -x**2 - i + 3 - 4. Give c(z).
-5
Suppose 3*t + 18 = -t - 2*f, 2*f + 10 = 0. Let y(z) = z - 4 + 3 - z**2 + 3. Calculate y(t).
-4
Suppose 5*o - 15 = -0*o. Let w(s) = 2*s**2 - 9 - 3*s**2 + 13. Determine w(o).
-5
Suppose -5 = -2*b - 1. Let m(g) = -3*g - g**2 + g**b + 7*g + 1 + g**2. Calculate m(-3).
-2
Let v(q) = -3*q - 3. Suppose -3*s + 2*m - 14 = 0, m + 4 = -3*s - s. Let h be v(s). Let o(l) = 2 - l**h + 0*l**3 - 4 - 4*l**2 - 3*l + 1. Give o(-2).
-3
Let p(n) = 2*n**2 - 3*n + 1. Let a(v) = 2*v**3 + v**2 - 1. Let y be a(1). Let s be p(y). Let z(r) = r - 4. What is z(s)?
-1
Suppose 5*t - 90 = -5*k, -k + 2*t = -2*k + 21. Let n = k + -16. Let p(z) = 7*z**2 - z - 1. Calculate p(n).
7
Let v(a) = -a**2 + 6*a + 3. Suppose c = 3*c + 2, -4*h + 15 = c. Determine v(h).
11
Let w(v) = -v**2 - 3*v + 2. Let l be (-2 + -3)*(-4)/10. Suppose -4*p + 10 = -l*p. Suppose 2*j - 15 = p*j. Give w(j).
-8
Let p(j) be the third derivative of j**5/60 + j**4/6 - 2*j**3/3 + 2*j**2. Let r be ((-2)/3)/(4/(-6)). Let d be 2/(-2) - (3 + r). Determine p(d).
1
Let b(v) = -v**2 - 9*v + 16. Let z be b(-11). Let n(p) = -5*p - 2. Let r(q) = 14*q + 6. Suppose 68 = 3*x - 7*x. Let c(k) = x*n(k) + z*r(k). What is c(3)?
1
Let z(j) = 13*j + 1. Let u(o) = -13*o - 1. Let b(t) = 5*u(t) + 6*z(t). Calculate b(1).
14
Let r(d) = 3*d + 3. Let m(p) = -2*p**2 + 22*p - 2. Let a be m(11). What is r(a)?
-3
Let t(p) be the first derivative of 3/2*p**2 - 2*p + 6. What is t(3)?
7
Let l(d) = d**3 + 17*d**2 + d + 13. Let u be l(-17). Let p(o) = o + 3. Let k(f) = f + 4. Let b(s) = u*p(s) + 3*k(s). Suppose 0 = -x + 3 + 3. What is b(x)?
-6
Suppose -3*r + 4*c = 5*c + 1, 2*r + 4*c = -14. Let i(l) = -l - 1. Let u(t) = 6*t**3 - t**2 + 7*t + 4. Let o(g) = 5*i(g) + u(g). Give o(r).
6
Suppose -2*i + 5*i = 3. Suppose 3*w - 4 = -i. Let l(h) = 5*h**2 - 1. What is l(w)?
4
Let w(q) = q + 9. Let f = -2 + -2. What is w(f)?
5
Suppose 3*i + 38 = -9*l + 4*l, 0 = 2*i - 5*l - 8. Let s(b) be the second derivative of -b**5/20 - 5*b**4/12 + 7*b**3/6 - 5*b**2/2 - 38*b. Calculate s(i).
-11
Let x(j) = -8*j + 0 + 0*j**2 + 5 + j**2. Let g be (-42)/(-8) + 3/4. Determine x(g).
-7
Let l(v) = 3*v**2 + 3*v + 2. Let p be l(-2). Let j = -11 + p. Let r(q) be the third derivative of -q**4/24 - q**3/3 - 2*q**2. What is r(j)?
1
Let w = 3 + -3. Let o(j) = 4*j**3 - 3*j**3 + 0*j - j + w*j. What is o(-1)?
0
Let k(r) = 5*r - 5*r**2 - 3*r + r + 4 + r**3. Calculate k(3).
-5
Let u(v) = -v**3 - 5*v**2 + v + 4. Let f = 3 - 0. Suppose 2*j + 5*w + 23 - 8 = 0, f*w + 3 = 0. Calculate u(j).
-1
Let r = 8 + -4. Suppose p = -3 + r. Let x(c) = 1 - c + 2*c**2 + 0*c**3 - 3*c**3 - 3*c**2. Calculate x(p).
-4
Let x(m) = m**3 - m**2 - m + 1. Let h(v) = 3. Let n(z) = -h(z) + x(z). Let t = 6 - 0. Suppose -g = -t*g. What is n(g)?
-2
Let x(q) = q**2 - 4*q - 2. Let w(y) = y. Let r(m) = -3*w(m) + x(m). Let j(f) = -f**2 - 6*f - 3. Let v be j(-4). Calculate r(v).
-12
Let w be (-2)/(-4) - 15/(-6). Suppose 7 = 5*y - w. Let c be y - (-3)/(3/(-2)). Let p(r) = -r + 2. Determine p(c).
2
Let p(o) = -8 - 5*o + 8. Suppose 3*s = 4*v + 6, 0*s + 3*v - 4 = -2*s. Give p(s).
-10
Let n(k) be the third derivative of -k**6/60 + k**4/24 + 5*k**2. Determine n(1).
-1
Let v(n) be the second derivative of 1/3*n**3 + 0*n**4 - n + 0*n**2 + 0 - 1/24*n**5. Let o(m) be the second derivative of v(m). What is o(1)?
-5
Let t(c) = 5*c**2 + 2*c - 1. Let y be t(1). Let m(a) = a**2 - 6*a - 8. Give m(y).
-8
Let n(h) = h**2 - h + 5. Suppose 0 = 2*q - 2, -3*q + 14 = 4*u - 25. Suppose -6 = -5*b - 4*t + 6*t, -u = -2*b + 3*t. Determine n(b).
5
Let m(r) = -r**3 - r**2 + r - 6. Let c(i) = -i + 6. Suppose n - 30 = -4*n. Let o be c(n). What is m(o)?
-6
Suppose 3*c + 9 = 2*z, 0 = -6*z + z + 3*c + 9. Suppose -m = -4*i - 2*m + 46, -5*i + 61 = 3*m. Let f(y) = 6 - 4*y + 3*y + z*y - i. Give f(-5).
0
Let s(v) = 8 - 2*v**2 - 3*v**2 + 8*v + 4*v**2. Let m be s(9). Let z(x) = 3*x - 5. Let q(h) = 3*h - 4. Let j(b) = 6*q(b) - 5*z(b). Calculate j(m).
-2
Let b = 86 - 124. Let f be b/(-8) + 1/4. Let c(w) = -w**3 + 5*w**2 + 2. Give c(f).
2
Let p(i) = i**2 - i - 1. Let z(j) = 14*j**2 - 5*j - 6. Let l(d) = 6*p(d) - z(d). Calculate l(1).
-9
Let l(y) be the first derivative of -y**3/3 + 3*y**2/2 + y + 34. What is l(3)?
1
Suppose 19*f - 24 - 90 = 0. Let z(d) = -d**2 + 6*d + 6. What is z(f)?
6
Let r(l) = 6*l**3 + 9*l**2 - 2*l - 8. Let a(m) = -m**3 - m**2 + 1. Let j(h) = -5*a(h) - r(h). Determine j(-4).
-5
Let a(q) = -3*q + 2*q + 8 + 0. Suppose 8*d - 4*d = 0. Determine a(d).
8
Let d(i) = 3*i. Let m(l) = -l. Let q(c) = d(c) + 2*m(c). Let p(u) = -4*u + 5. Let v(k) = p(k) + 5*q(k). What is v(5)?
10
Let a(o) = o**2 - 4*o - 5. Suppose 5*h + w = 21, 2*h + 10 = -5*w - 0. Suppose -2*j = h*c - 20, -2*j - 3*c + 16 = -0*j. Give a(j).
0
Let t(n) = -5*n - 1. Let y be (15/20)/((-3)/8). Give t(y).
9
Let h(f) be the third derivative of 3*f**4/8 + f**3/3 - 8*f**2. Give h(-2).
-16
Let b = 100 + -96. Let j(l) = l**2 - 5*l + 5. What is j(b)?
1
Let u(n) = 4*n**3 - n**2 - 2*n + 2. Let y be u(1). Let s(b) = 2*b**2 - 3*b